s(x) = x**3 - 3*x**2 + 12*x + 0*x**3 - 8*x. Let h be s(3). What is the highest common factor of h and z?
12
Suppose -3*h + 980 = 4*h. Calculate the highest common divisor of h and 14.
14
Suppose -6*y - 2*k = -y - 12, -5*y + 4*k = -36. Suppose 3*q - 5*r - 3 = 1, 2*q - y = 3*r. Calculate the greatest common divisor of q and 8.
8
Suppose -5*s - 24 = 31. Let m be (s - -23) + (-6)/2. Calculate the highest common factor of m and 1.
1
Let l be (-21)/(-1)*(-3 + 4). Calculate the highest common factor of 105 and l.
21
Let i be 0/(-3)*2/4. Let x(n) = n + 24. Let k be x(i). Calculate the highest common divisor of 16 and k.
8
Suppose 0 = -2*r + 4*w + 16, -3 - 5 = -2*r - 4*w. What is the greatest common factor of r and 6?
6
Let o be 30/4 + (-2)/(-4)*-3. Calculate the greatest common factor of 2 and o.
2
Let q = -5 - -15. Let u = -3 + q. Suppose 4*v - y - 248 = 0, 51 = v - 2*y - y. Calculate the greatest common factor of u and v.
7
Suppose -u + 3 = 0, 2*p - 15 = -4*u + u. Let y = 64 + -31. What is the highest common divisor of y and p?
3
Let l = 9 + -4. Let g(v) = -v**2 + 1. Let n(b) = -b**2 - b + 3. Let c(m) = -7*g(m) + 4*n(m). Let y be c(l). Calculate the highest common divisor of y and 12.
12
Let u = -1 + 16. Suppose -u = -3*k - 5*f + 3, 4*k + f = 7. Let r = 3 - -5. Calculate the highest common divisor of r and k.
1
Suppose -2*x = -5*p + 3*x + 580, 3*p = -2*x + 368. Suppose 0 = -0*h - h + p. Let q be 17 - (0 - -1 - -1). What is the highest common factor of q and h?
15
Suppose 4*h = 16, -4*h = -o - o + 104. Let v(s) = s**2 + 3. Let x be v(3). Calculate the greatest common divisor of x and o.
12
Let w(q) = -13*q + 10. Let m be w(7). Let p = -25 - m. Calculate the highest common factor of 14 and p.
14
Let a = 14 + -2. Suppose 0*t + 4*t = 12. Calculate the greatest common factor of a and t.
3
Let n = -14 + -4. Let d be 8/36 - (-4)/n. Suppose 0*o - 4*o + 52 = d. What is the greatest common factor of o and 26?
13
Let d(h) = h**3 - 8*h**2 + 8*h - 20. Let j be d(8). Calculate the greatest common factor of j and 88.
44
Suppose d = -0*d - t - 4, -2*t = 4*d + 6. Calculate the greatest common factor of d and 5.
1
Let v be (-4)/(-16) - (-94)/8. Let h be 3 - 3 - -3 - -15. What is the highest common factor of v and h?
6
Suppose 0 = -4*w + 51 + 29. What is the highest common factor of w and 60?
20
Suppose 5*z - 44 = -f, 0*f - 2*z = 3*f - 67. Calculate the highest common factor of 38 and f.
19
Suppose 2*a + 52 = 2*g, 4*g + 22 = -2*a + 138. What is the highest common factor of g and 7?
7
Suppose -4*k = -5*s - 20, -2*k + 2*s = 3*k - 8. Let p = -16 + k. Let r = 2 - p. What is the highest common factor of 45 and r?
9
Let v(i) = 4*i + 2. Let n be ((-3)/(-2))/(3/6). Let k be v(n). What is the highest common divisor of k and 42?
14
Let r = -13 - -52. Let w be ((-26)/2)/((-14)/28). What is the greatest common factor of w and r?
13
Suppose 11 = -3*f + 32. Let w = 98 - 27. Let n = w - 43. Calculate the greatest common factor of n and f.
7
Let f(n) = 3*n - 5. Let g be f(10). Calculate the greatest common divisor of g and 200.
25
Suppose -9*d = -5*d - 32. Suppose -6*p - 34 = -d*p. Suppose y - 2 = 0, 83 = -0*n + 5*n - y. Calculate the greatest common factor of n and p.
17
Let x = -72 - -171. Suppose -2*j + 28 = -4*c, 24 = -3*j - 5*c + x. Calculate the greatest common divisor of 2 and j.
2
Let l be 24/(-10) - (-2)/5. Let i(b) = -25*b - 5. Let j be i(l). Calculate the highest common divisor of 18 and j.
9
Let i be -7 + (-11)/(44/(-32)). Suppose -4*w = -4*s + 12, 4*s - w - 13 - 14 = 0. What is the highest common factor of s and i?
1
Suppose 0 = -3*s + 3 + 3. Suppose k = -s, 110 = -0*q + 3*q - k. Suppose 33 = 3*i + 3*a, -36 = -3*i - a - 1. What is the highest common factor of i and q?
12
Suppose i - 3 = 4*a + 1, 0 = 3*a - 6. What is the greatest common factor of 36 and i?
12
Suppose -9*o + 0*o + 63 = 0. Let t = -6 - -9. Suppose -t*d = -d - 42. Calculate the highest common divisor of o and d.
7
Let n be 4 - (-20)/(-6) - 237/(-9). What is the highest common divisor of 18 and n?
9
Let z = 80 + -51. What is the highest common divisor of 232 and z?
29
Let v(z) = -18*z - 3. Let y be v(-2). Let l(h) = 9*h + 121. Let n be l(-11). What is the greatest common factor of y and n?
11
Let w be 4/((-1)/(-24)*1). Let o be (-3)/(-5) - (-422)/5. Suppose 4*n - o = 11. What is the greatest common divisor of w and n?
24
Suppose -f - 2*p + 0 = 4, 12 = -3*p. Suppose q + 170 = 4*n - q, 4*q + 120 = 3*n. What is the greatest common factor of f and n?
4
Let p = -4 - -8. Suppose -w - 1 = -p. Let r = -15 - -24. Calculate the greatest common divisor of w and r.
3
Let s(h) = h + 31. Let o be s(0). Let x = 44 + o. Suppose -m - l + 26 = 0, 3*l = -2*m - l + 44. What is the highest common factor of m and x?
15
Suppose 3*t - 32 = 25. What is the highest common factor of 38 and t?
19
Suppose 0 = -u - 10*u + 11. What is the highest common divisor of u and 16?
1
Suppose -3*a + 28 = -0*a + 2*l, -2*l = 2*a - 22. What is the greatest common factor of 12 and a?
6
Let u = -98 + 123. Calculate the highest common factor of 50 and u.
25
Let t be 3*(-2)/(-3 + 1). Suppose 0 = -t*p + 25 + 38. Let u be (-2)/((-4)/14 - (14 - 14)). Calculate the highest common divisor of p and u.
7
Let j be 1516/14 - (-2)/14*-2. What is the highest common factor of 12 and j?
12
Let g = 106 - 92. What is the highest common divisor of g and 7?
7
Let p(b) = -5*b + 3. Let k be p(-5). Suppose -252 + k = -4*q. Calculate the greatest common factor of q and 7.
7
Let u(q) = 29*q**2 - 2*q. Let r = -4 - -6. Let o be u(r). What is the greatest common divisor of 16 and o?
16
Suppose 2*f = 12*f - 1320. Let a be 24*-1*(-1)/2. Calculate the highest common divisor of a and f.
12
Let k = 9 + -6. Suppose -3*o + 4*o = -k*z + 1, -3*o + 2*z + 36 = 0. Calculate the greatest common divisor of 10 and o.
10
Suppose 3*u = 2*p - 27 + 4, 2*p - 27 = -u. What is the greatest common factor of 143 and p?
13
Let m = 62 + 10. What is the highest common divisor of m and 48?
24
Let o(n) = 4*n**2 - 3*n + 3. Let g be o(2). Calculate the greatest common factor of 13 and g.
13
Let o = -2 + 0. Let g(a) = -11*a**3 - 2*a**2 + a - 1. Let c be g(o). Let f be 8/(-24) + (-44)/(-6). What is the highest common factor of f and c?
7
Let z be (-8)/(-8)*(1 + 6). What is the highest common factor of z and 28?
7
Let x = 107 - 61. What is the greatest common divisor of 69 and x?
23
Let b = -107 + 187. Let m be 196/10 + 2/5. Calculate the highest common factor of b and m.
20
Let j be (-1)/(1*1/(-6)). Let i be -6 + 3 + j/1. Suppose 80 = h + i*h. Calculate the greatest common factor of 50 and h.
10
Suppose 8 + 12 = 2*c. What is the highest common divisor of c and 10?
10
Suppose 3*l - 70 = 5*n, -2*n - 6 = 5*l - 102. Calculate the highest common factor of l and 30.
10
Let r(w) = w - 2. Suppose z + 8 = 5*l, 5*z + 0*z - 20 = -5*l. Let k be r(z). Let j be (2 - k)/((-1)/(-8)). What is the highest common factor of j and 2?
2
Suppose 4*h - 110 = -3*g + 2*h, -h + 73 = 2*g. Let k be 2/(-9) - (-440)/g. Let r = -180 - -312. Calculate the greatest common divisor of r and k.
12
Let g be (24/(-9))/(4/(-18)). Let d be g*3*(-3)/(-12). What is the greatest common factor of d and 99?
9
Let s = 11 - 5. Let i be (2/s)/((-7)/(-525)). Suppose i = 5*w, 2*c = -c + 2*w + 110. Calculate the highest common factor of 8 and c.
8
Let q(s) = -3*s - 30. Let k be q(-17). Calculate the highest common divisor of 189 and k.
21
Let x(n) = 5*n**2 + 7. Let g be x(-5). What is the highest common factor of 12 and g?
12
Let q be (-68)/(-7) + 2/7. Suppose 5*m - 50 = -2*n + 7*m, -5*n = 2*m - 160. Calculate the greatest common factor of q and n.
10
Suppose 0 = -2*c - 4*r, 5*c + r = 6*r + 30. Suppose 0 = -u + 3*f - 1 + 20, -2*u = c*f + 2. What is the greatest common factor of 42 and u?
7
Let m = -27 + 35. What is the greatest common divisor of 40 and m?
8
Let w = -2 + 7. Let v = w - -7. Calculate the greatest common divisor of 84 and v.
12
Suppose 4*p - 364 - 112 = 0. Let m be 30*(0 - (-2)/1). Suppose z + 4*z + a - 87 = 0, -m = -4*z + 4*a. What is the highest common factor of p and z?
17
Suppose -5*l + 7 = -8. Suppose 9 = l*s - 5*k, s = -2*s + 3*k + 9. Suppose -3*o = -12, 0*f - s*f = o - 31. What is the highest common factor of 9 and f?
9
Let y be 7*9 - (6